Let z = -6245 - -6267. Let o(p) = 3*p**2 - 2*p - 12. Let s be o(7). What is the highest common factor of s and z?
11
Let v = 443 + -267. Let c(p) = 227*p**2 - 6*p - 6. Let r be c(-2). Let i = -898 + r. What is the highest common factor of i and v?
16
Suppose 0 = -5*r + 5*x - 2495, 2*r - 74 = -5*x - 1044. Let i be ((-11)/(r/18))/(1/50). Calculate the highest common divisor of 3 and i.
1
Suppose 2111*b - 2096*b - 3510 = 0. Let n = 73 - 37. Calculate the greatest common divisor of b and n.
18
Let z = -34496 + 34525. Let h(l) = 5*l - 1. Let q be h(6). Calculate the greatest common divisor of z and q.
29
Let c = 854 - 843. Suppose -z + i = -4, -c*z - 5*i = -6*z + 10. Suppose -2*w = -7*w + 85. What is the greatest common factor of w and z?
1
Suppose 5*t - 280 = 8*o, -2*t - o + 1 = -90. Calculate the greatest common factor of t and 18024.
24
Let h(i) = i**2 - 11*i - 46. Let g be h(11). Let m be 16730/161 + (-4)/g. Calculate the greatest common divisor of 156 and m.
52
Let n = 21 - 17. Suppose 90 = -w + n*w. Suppose 4*t - 8 = -x, 56 = 5*x + 8*t - 4*t. Calculate the greatest common divisor of x and w.
6
Let w(n) = -16*n - 183. Let h be w(-11). Let y be -3 - 77/h - -87. What is the greatest common divisor of 1235 and y?
95
Let w(t) = 5*t**2 + 19*t - 2. Let z be w(-5). Let q be 8/z - (131/7)/(-1). What is the highest common factor of q and 38?
19
Let z = -15720 - -15880. Calculate the highest common divisor of 20 and z.
20
Suppose -2*u = -10, -3*x + 5*u - 7*u = -46. Suppose -7*w + x*w = 25. Let z be (1 - (-3)/2)*6. Calculate the highest common divisor of z and w.
5
Let q = -2060 + 2148. What is the greatest common factor of 32 and q?
8
Suppose 0 = -h + 1 + 9. Let o be (-1)/(-2)*144/4. Let m be (h/(-40) + o/8)*5. Calculate the highest common factor of m and 90.
10
Suppose -6*w + 10*w - 240 = 0. Suppose -49 - 190 = -6*b + 31. What is the greatest common divisor of b and w?
15
Let l be (62/155 - 63608/(-5)) + (0 - 3). Calculate the highest common divisor of 322 and l.
161
Suppose -6*t + 219 = -t + 2*p, -3*t = -3*p - 123. Let q = t + -46. Let h be (-392)/(-84) + 1 + 5/q. What is the highest common factor of h and 6?
2
Let i be 7/(-1) + (12 - -61). What is the greatest common divisor of 33 and i?
33
Let f = 27 + -22. Suppose 0 = n + 2*l - 0*l - 160, 4*l = 16. Suppose f*h = 158 + n. Calculate the greatest common divisor of h and 155.
31
Suppose 0*g + 5*z + 94 = 2*g, g - 4*z = 50. Let m = -2862 + 3114. Calculate the greatest common factor of g and m.
42
Suppose 40*j + 25*j = 24570. Let r be (18/4)/(5/140). Suppose 2*v + v = r. Calculate the greatest common divisor of j and v.
42
Suppose -f - 11568 = -28*f + 4605. Calculate the greatest common factor of 1 and f.
1
Let p(k) = -2*k**3 + 20*k**2 + k + 7. Let l be p(10). Suppose g - l = 18. Suppose 3*v - g = 28. What is the highest common factor of v and 189?
21
Let f(g) = 2*g**3 - 22*g**2 - 93*g + 76. Let h be f(21). Calculate the highest common factor of h and 131.
131
Let a = 3 - -237. Suppose 6*t + 106 = 7*t. Suppose -z = 4*i - 124, -3*i + 2*z = 6*z - t. Calculate the greatest common divisor of a and i.
30
Let w(x) = 422*x + 14011. Let y be w(-33). Calculate the greatest common divisor of y and 16609.
17
Let r be (15 - 492/60)*10. Calculate the greatest common divisor of 3196 and r.
68
Suppose -5*y + k = -496, -y + 5*k = -0*k - 80. Suppose -15*z = -33*z + 432. Suppose -493 = -z*r + 107. What is the highest common divisor of y and r?
25
Let t = 2730 + -2634. Calculate the highest common factor of 648 and t.
24
Let n = 0 + 128. Calculate the highest common factor of n and 9376.
32
Suppose 0 = -66*b - 75*b + 117312. What is the highest common divisor of b and 1768?
104
Let i = -10373 + 10443. Let g(s) = 4*s**2 - 12*s + 22. Let x be g(9). Calculate the greatest common divisor of i and x.
14
Let m(a) = 5*a**2 - 182*a + 736. Let x be m(4). What is the greatest common factor of 3586 and x?
22
Suppose -33*n + 4245 = -584 - 3751. What is the greatest common factor of 15990 and n?
130
Let s = -14303 + 14855. Calculate the greatest common factor of 1032 and s.
24
Suppose -8*f = -15*f + 846 + 351. What is the greatest common divisor of 19 and f?
19
Let z be (-6 + (-66)/(-15))/((-2)/65). Suppose -2*c + z = -72. Suppose -6*n + 508 = -c. What is the highest common divisor of n and 38?
19
Let n(m) = -m**2 + 20*m + 356. Let j be n(26). What is the greatest common divisor of 75 and j?
25
Let b(s) = -14*s - 10. Let o(h) = -h**3 + 13*h**2 + h - 17. Let i be o(13). Let q be b(i). Let n = 52 - q. What is the greatest common divisor of 96 and n?
6
Suppose -a = -63 - 12. Suppose 13*j = 9*j - 44. Let w be (j/2 + 4)*-20. Calculate the highest common factor of a and w.
15
Suppose -137 = -5*z + 2*u, -3*z = -6*z + 3*u + 75. What is the greatest common factor of z and 2?
1
Let f(s) = s**2 + 16*s - 1304. Let z be f(-45). What is the highest common divisor of z and 103?
1
Let b = 2792 - 2787. What is the highest common factor of b and 1945?
5
Let t(h) = -h**3 - 9*h**2 - 10*h + 2. Let a be t(-8). Let l be 76 - (0 - 3)*-1. Let r = 100 - l. Calculate the greatest common factor of r and a.
9
Let z be (-1*(-10 - -2))/2. Let n = -1542 - -1870. Calculate the highest common factor of n and z.
4
Let b = 15 + -3. Suppose -21*q + 8*f - 4*f + 108 = 0, 5*q - 3*f - 38 = 0. What is the greatest common divisor of b and q?
4
Let c(n) = -5*n**3 + 14*n**2 + 8*n - 6. Let w be c(4). Let m = w - -294. What is the highest common factor of m and 168?
56
Suppose 5*l - 1841 = -2*i - 27, 4*l - 910 = -i. Calculate the greatest common factor of i and 11.
11
Let n = -1114 - -1138. What is the greatest common divisor of n and 1912?
8
Suppose 2*p - 7305 = -3*a - 2*a, -4*p = 2*a - 2906. Let k be 7/14 + (-918)/(-12). Calculate the highest common divisor of k and a.
77
Suppose -132*q + 7169 - 529 = 34*q. What is the highest common divisor of 130 and q?
10
Suppose -4*h + 16 = 0, -h + 41 = p - 163. What is the greatest common divisor of 280 and p?
40
Let b be (-30)/(15/12 - (-13 - 1014370/(-71176))). Calculate the greatest common divisor of b and 30.
15
Let a = -5265 - -5269. Calculate the greatest common factor of a and 1542.
2
Suppose 4*q + 2*h - 4118 = 0, q + 527 = -4*h + 1560. What is the greatest common factor of 147 and q?
147
Let j(r) = -r**3 + 6*r**2 + 8*r - 12. Let a be j(-8). Calculate the greatest common divisor of 50 and a.
10
Let w be 2/(-7) + 2860/14. Let m be (13/(-13))/((-5)/(-795)*-3) + 7. Calculate the highest common divisor of m and w.
12
Let i(g) = 3*g**3 - 24*g**2 - 3*g - 55. Let w be i(9). Calculate the greatest common factor of w and 989.
23
Let t(q) = -9*q**2 - 20*q. Let j(n) = 19*n**2 + 40*n + 1. Let i(v) = 3*j(v) + 7*t(v). Let g be i(-3). Calculate the greatest common divisor of g and 18.
9
Let x(q) = -96*q + 84. Let j be x(10). Let p = -564 - j. Calculate the greatest common divisor of 39 and p.
39
Let a = 1844 - 4490. Let s be a/(-51) + (-20)/(-170). Calculate the greatest common factor of 78 and s.
26
Let y be 512/4 + (1 - -16) + 7*1. What is the highest common factor of 2184 and y?
8
Let a be (-1835332)/(-4167) + 4/(-9). What is the greatest common factor of a and 968?
88
Let t = 59 + -33. Let k be (t/4)/(3 + 303/(-102)). Suppose -2*p - 37 = -m + 9, -5*m = -p - k. What is the greatest common factor of m and 11?
11
Let g be (167 - -1)/(((-810)/(-216))/((-10)/(-4))). Calculate the greatest common divisor of g and 4144.
112
Let i = 19242 + -16166. What is the highest common factor of i and 4?
4
Let y(h) = -2*h**2 - 14*h + 15. Let z be y(-8). Let b be 0 + 4 + z - 0 - -7. Suppose -17 = -b*f + 3. Calculate the greatest common factor of f and 2.
2
Let o = -4453 + 7882. Calculate the greatest common factor of 254 and o.
127
Suppose 10*k + 2864 = 3764. Calculate the greatest common divisor of k and 3744.
18
Let a = 15263 + -9653. Let i be (-12)/(-10)*a/99. What is the highest common factor of 34 and i?
34
Suppose -2611*m = -2598*m - 715. Calculate the greatest common factor of 8129 and m.
11
Let a be 2 - (-830 + 0)/5. Suppose 120 = -8*r + 9*r. Suppose y = -4*y + r. What is the greatest common factor of a and y?
24
Let r be 3 - 1 - (6 - (10 + -5)). Let q be (0 - r/(-5)) + 2961/45. Calculate the highest common factor of q and 231.
33
Suppose 4*x - 95 - 225